0 = -k*j + 2*b + 808 + 312. Is j composite?
False
Suppose 7 = 4*z + 3*m - 5, 0 = -3*z + 3*m + 9. Suppose p - 4*j - 35 = 0, -z*p - 2*j - 27 = -4*p. Is p composite?
False
Let q = -27494 - -67837. Is q a prime number?
True
Let z be 10 + ((-4)/(-12))/(2/(-12)). Suppose z*o + 737 = 9*o. Is o prime?
False
Let w(u) = -2*u - 10. Let t be w(-5). Suppose t = h + 10 + 17. Is h/18 + 1042/4 a prime number?
False
Suppose -4*c = 4*z - 6736, 4*z + 13 = -7. Is c a composite number?
True
Suppose -2*t = -2*x + x - 13, -5*t = 5*x - 10. Suppose 5*b = 3*b + t*i + 2295, -b = 4*i - 1115. Is b a prime number?
False
Let x(d) = 9*d - 4. Let c be x(1). Let i = c - -9. Is i a composite number?
True
Let g be 26636/10 + (-14)/(-35). Suppose 0 = -h - 0*h - g. Is h/(-15) + 2/5 a prime number?
False
Let y be -5*(-33)/(7 + -4). Let n = -32 + y. Let m = 108 + n. Is m a composite number?
False
Suppose 474 = 4*g + 22. Let b = g - -12. Let a = b - 46. Is a a composite number?
False
Suppose -3*j = j - 3*y + 15, 5*y - 25 = 3*j. Suppose j = -o - 430 + 1615. Suppose 4*q - o = 11. Is q prime?
False
Suppose 614205 + 333827 = 32*f. Is f a prime number?
False
Is 31/62*37690/1 a prime number?
False
Suppose 9*x - 505 = 674. Suppose -b + x = 4. Is b composite?
False
Let k(c) = -4*c + 1. Let x(s) = -20*s + 6. Let g(d) = -22*k(d) + 4*x(d). Let b be g(-1). Is (3/b - -2)*46 composite?
True
Let p(d) = d**2 - 9*d - 16. Suppose m + 5 = -0*m - 4*y, y + 37 = 3*m. Let j be p(m). Suppose 2*x + h = 1087, -2*h = -j*h + 20. Is x composite?
False
Suppose 0 = 2*u + 2*s - 12, -5*u + 2*u + 4*s = 3. Suppose -11*m - u = -8*m. Is (m - 2) + 84/2 composite?
True
Let q = 1525 - 1078. Is q prime?
False
Let a be ((-8)/2 - -6)*(-3)/(-2). Is 1*a - (-18292)/34 a composite number?
False
Suppose 114 = -13*v - 6*v. Is -5*(-272 - v/2) prime?
False
Let o(q) = -11*q**2 - q. Let f be o(1). Is (965 - -2)/(6/(-6 - f)) composite?
False
Let v be 1*-2*14/(-4). Suppose v = -z + 29. Let l = 56 - z. Is l a prime number?
False
Let b(i) = -20*i**3 - 5*i**2 + 2*i - 4. Let p be (-615)/120 - (-1)/8. Is b(p) prime?
False
Let g(z) = 2*z + 6. Let x be g(-3). Suppose x = -4*w, 3*w + 20 = -s + 5*s. Suppose -4*t - f - 3*f = -800, 2*t - 435 = s*f. Is t composite?
True
Suppose -44*c + 358770 = -14*c. Is c a composite number?
False
Let o = -2 + 7. Suppose 0*j - o*j = 40. Let f = 65 + j. Is f a prime number?
False
Let z(r) = 7*r**2 - 10*r - 5. Let v be z(13). Suppose 2*y - 6*y = v. Is y*3/(-12)*2 prime?
True
Suppose -3*k - k = -4*b - 79696, 2*b = 4*k - 79686. Is k a composite number?
False
Is (6 - 108/20)*7655 a prime number?
False
Let c = -2287 - -3930. Is c composite?
True
Let g(h) be the first derivative of -h**2/2 + 18*h + 2. Let i be g(15). Suppose -2*n - n + 235 = -k, 0 = -4*n + i*k + 310. Is n a prime number?
True
Suppose -3*i - 3*w = -i - 4900, i - w = 2460. Let l = i - 277. Is l composite?
False
Let m = 71631 - 20248. Is m composite?
False
Let g(r) = 273*r - 55. Is g(30) composite?
True
Suppose q - 80 = -4*q. Let c be ((-12)/(-16))/((-2)/q). Is 4/c*(-2031)/2 prime?
True
Suppose 10*o - 19166 = 3*o. Suppose 4*x - 4650 = o. Is x composite?
False
Let v(y) be the first derivative of -5*y**4/8 + y**3/6 + 7*y**2/2 + 12. Let j(d) be the second derivative of v(d). Is j(-2) composite?
False
Suppose q = -w + 21132 - 4052, 0 = 4*q + 5*w - 68323. Is q a composite number?
False
Let n = 5273 - 2616. Is n a prime number?
True
Let l(j) = -155*j - 37. Let r be (2*-1 - 1)/((-57)/(-190)). Is l(r) prime?
False
Is (8/2)/(8/20396) a composite number?
True
Let g(w) = 9682*w**2 - 20*w - 7. Is g(3) composite?
False
Suppose 4800 = -0*o + 5*o - 5*j, o - 966 = 3*j. Suppose -2293 = -4*i - o. Is i prime?
False
Let p = -28 - -32. Suppose -153 = -p*q + 499. Is q composite?
False
Suppose -4*c = -5*s + 748, -3*s - 4*c + 1 = -435. Suppose s + 343 = i. Is i composite?
False
Let i(t) = 17*t**2 - 7*t + 5. Let s be i(3). Let x = -31 + s. Is x a prime number?
False
Let w(b) = -b**2 + 10*b + 3. Let s be w(10). Is (s/(-6))/(1105/1106 + -1) composite?
True
Let s = 148857 - 82656. Is s a composite number?
True
Let k = -314 - -216. Let m = k - 5. Let o = -26 - m. Is o a composite number?
True
Suppose -6*m = -33 + 573. Is ((-18366)/m*-3)/(2/(-10)) composite?
False
Let g(j) = 5*j**3 - 3*j**2 + 7*j - 7. Let z(i) = -i**3 - i. Let l(d) = -g(d) - 4*z(d). Suppose -5*u + s - 16 = 0, -u - 1 - 15 = 3*s. Is l(u) prime?
True
Let b(o) = o**3 - o**2 + o - 21. Let c be b(0). Is c/(-12)*2348/1 a prime number?
False
Let x be 4/12 + (-11)/(-3). Suppose k + 5*j + 4 = 0, 3*j + 3 - 21 = -x*k. Suppose 3*g = k*g - 174. Is g prime?
False
Suppose -4*q + 8 = -12. Let c(t) = -t**2 + 5*t + 4. Let z be c(q). Suppose z = 2*h, -5*g + 1468 + 35 = -h. Is g a composite number?
True
Suppose -271 = -3*s + 242. Let m = -65 + s. Is m a prime number?
False
Is (-535)/(-2) - 44/88 prime?
False
Suppose -3*u + 453 = 7*r - 3*r, -3*u - 3 = 0. Let a = r - -51. Let t = 314 - a. Is t composite?
False
Suppose 0 = 9*s - 42303 - 11436. Is s prime?
False
Suppose 7*o = 5*o - 22. Let w = o - -7. Is 48/64 - 1649/w a composite number?
True
Suppose -d - 1463 = -k, -2*k = 3*d - 3397 + 481. Is k a composite number?
True
Let k = 67781 - -4358. Is k prime?
True
Let l(g) = 64*g**2 - g. Let n be l(-1). Let o = n - 39. Suppose -2*x + o + 132 = 0. Is x a prime number?
True
Let o(d) = 18*d**2 - 3*d - 3. Let z(v) = -53*v**2 + 8*v + 9. Let c(x) = -8*o(x) - 3*z(x). Let a be c(5). Suppose a = s + 41. Is s composite?
False
Let z(b) = -106*b - 1. Let r be z(-16). Suppose -4*t = 4*q - 28, -t - 1 + 4 = 0. Suppose -s + r = q*s. Is s a prime number?
False
Suppose -r = 11 - 31. Suppose -5*h + r = -h. Suppose h*x + 2067 = 5002. Is x a prime number?
True
Let x = -901 - -3239. Is -3 + (x - 0 - 2) a prime number?
True
Let l(q) = -q**3 - 11*q**2 + 2. Let i be l(-11). Suppose -6 + 2 = -i*d. Let w(a) = 8*a**3 - 3*a**2 + 2*a - 1. Is w(d) a prime number?
False
Suppose 2*q + 12433 - 103 = 4*a, -5*a + 15418 = 3*q. Is a a composite number?
False
Suppose 403*x + 6743 = 414*x. Is x a prime number?
True
Let r(t) = -1891*t**3 - 2*t**2 + 3*t + 5. Is r(-2) a prime number?
False
Let t = 124 - -489. Is t a prime number?
True
Let i(j) = -j**3 + 11*j**2 + 12*j + 3. Let g be i(12). Suppose -g*t = 3, -3*t + 4*t = -4*k - 41. Let w(d) = 2*d**2 + 13*d + 7. Is w(k) prime?
False
Suppose -3*k + 41370 = 4*k. Suppose -1075 = 5*w - k. Is w composite?
False
Let s be (-4 + 2)/2 + -3 - -242. Suppose -11*r + 3461 - s = 0. Is r prime?
True
Suppose -5 = 26*i - 27*i. Suppose -6098 = -3*a - a - 3*y, 0 = i*a + 2*y - 7619. Is a prime?
True
Let g(x) = -5*x**2 + 8*x + 14. Let d be g(6). Let s = 381 + d. Is s composite?
False
Suppose a - 480 + 13782 = -2*p, 3*a + 13302 = -2*p. Is p/(-15) + (-6)/15 a composite number?
False
Suppose 2*s - 5552 = -2166. Is s composite?
False
Let d(g) be the second derivative of -53*g**3/6 - 7*g**2 + 43*g. Suppose -2*s - 2*s = 20. Is d(s) a composite number?
False
Is 1/(5/(-2)) - (-696087)/105 a prime number?
False
Suppose 3*c - 10169 = o, 2*c + 2*o - 6780 = 3*o. Is c a composite number?
False
Suppose 0 = 4*m + 3*t - 24, -5 - 7 = -3*t. Suppose 0 = -m*i - 5*l + 172 + 360, 0 = 5*i - l - 896. Is i composite?
False
Let a be (-8)/3*549/6. Let r = 991 + a. Suppose -3*b = -3*h - r, 1 = h - 1. Is b prime?
True
Suppose 4*a + 186 = 4*v - 38, 5*v + 2*a = 301. Is v prime?
True
Suppose -4*h - 4*w + 4568 = 0, 3*h + 4*w = 2102 + 1319. Is h prime?
False
Suppose 2*z = 3*z - p - 7, 2*z = -2*p - 6. Is 722*z*(-4)/(-16) prime?
False
Let k(f) = 21*f**2 - 23*f + 74. Let d(h) = 31*h**2 - 35*h + 111. Let i(l) = -5*d(l) + 8*k(l). Is i(11) prime?
True
Let f = 1430 + -772. Suppose 3*s + w = 1002, 2*s + 3*w - f = -w. Suppose 2*c + 5*q - 925 + 253 = 0, -c - 3*q = -s. Is c prime?
False
Let p(z) = 37*z**2 - 6*z - 23. Let n be p(12). Let i = n - 2712. Is i prime?
True
Let c be 3 + 8 - 3 - -4. Suppose -c*w + 5559 + 933 = 0. Is w prime?
True
Let u(a) be the third derivative of a**4/3 - 5*a**3/6 - 5*a**2. Is u(8) a composite number?
False
Let i(t) = -830*t + 2. Let r(o) = -830*o + 1. Let a(x) = 6*i(x) - 5*r(x). Is a(-3) a composite number?
True
Suppose 2*c + 16 = -6. Let d = 13 + c. Suppose -2903 = -5*f + d*n, f + 3*n - 1165 = -f. Is f prime?
False
Suppose 0*b + b = 2. Let t = 98 - 16. Suppose 245 = 5*p + 3*